{"id":247,"date":"2026-01-07T22:07:51","date_gmt":"2026-01-07T21:07:51","guid":{"rendered":"https:\/\/enerlia-gc.fr\/?page_id=247"},"modified":"2026-03-04T16:09:38","modified_gmt":"2026-03-04T15:09:38","slug":"metiers-genie-climatique-marseille","status":"publish","type":"page","link":"https:\/\/enerlia-gc.fr\/?page_id=247","title":{"rendered":"Nos m\u00e9tiers"},"content":{"rendered":"\t\t<div data-elementor-type=\"wp-page\" data-elementor-id=\"247\" class=\"elementor elementor-247\" data-elementor-post-type=\"page\">\n\t\t\t\t<div class=\"elementor-element elementor-element-51e2c723 e-flex e-con-boxed e-con e-parent\" data-id=\"51e2c723\" data-element_type=\"container\" data-e-type=\"container\" data-settings=\"{&quot;background_background&quot;:&quot;classic&quot;}\">\n\t\t\t\t\t<div class=\"e-con-inner\">\n\t\t<div class=\"elementor-element elementor-element-959f193 e-flex e-con-boxed e-con e-child\" data-id=\"959f193\" data-element_type=\"container\" data-e-type=\"container\">\n\t\t\t\t\t<div class=\"e-con-inner\">\n\t\t\t\t<div class=\"elementor-element elementor-element-2a17644 elementor-widget elementor-widget-heading\" data-id=\"2a17644\" data-element_type=\"widget\" data-e-type=\"widget\" data-widget_type=\"heading.default\">\n\t\t\t\t\t<h2 class=\"elementor-heading-title elementor-size-default\">NOS M\u00c9TIERS<\/h2>\t\t\t\t<\/div>\n\t\t\t\t\t<\/div>\n\t\t\t\t<\/div>\n\t\t\t\t\t<\/div>\n\t\t\t\t<\/div>\n\t\t<div class=\"elementor-element elementor-element-6bb25eb5 e-flex e-con-boxed e-con e-parent\" data-id=\"6bb25eb5\" data-element_type=\"container\" data-e-type=\"container\">\n\t\t\t\t\t<div class=\"e-con-inner\">\n\t\t<div class=\"elementor-element elementor-element-3f285ea e-flex e-con-boxed e-con e-child\" data-id=\"3f285ea\" data-element_type=\"container\" data-e-type=\"container\">\n\t\t\t\t\t<div class=\"e-con-inner\">\n\t\t<div class=\"elementor-element elementor-element-39c482f5 e-flex e-con-boxed e-con e-child\" data-id=\"39c482f5\" data-element_type=\"container\" data-e-type=\"container\">\n\t\t\t\t\t<div class=\"e-con-inner\">\n\t\t\t\t<div class=\"elementor-element elementor-element-55957bdf elementor-widget elementor-widget-heading\" data-id=\"55957bdf\" data-element_type=\"widget\" data-e-type=\"widget\" data-widget_type=\"heading.default\">\n\t\t\t\t\t<h2 class=\"elementor-heading-title elementor-size-default\">D\u00e9couvrez nos m\u00e9tiers<\/h2>\t\t\t\t<\/div>\n\t\t\t\t\t<\/div>\n\t\t\t\t<\/div>\n\t\t\t\t\t<\/div>\n\t\t\t\t<\/div>\n\t\t\t\t\t<\/div>\n\t\t\t\t<\/div>\n\t\t<div class=\"elementor-element elementor-element-a8e1636 e-flex e-con-boxed e-con e-parent\" data-id=\"a8e1636\" data-element_type=\"container\" data-e-type=\"container\">\n\t\t\t\t\t<div class=\"e-con-inner\">\n\t\t<div class=\"elementor-element elementor-element-c60f556 e-con-full e-flex e-con e-child\" data-id=\"c60f556\" data-element_type=\"container\" data-e-type=\"container\" data-settings=\"{&quot;background_background&quot;:&quot;classic&quot;}\">\n\t\t\t\t<div class=\"elementor-element elementor-element-7edc321 elementor-widget elementor-widget-image\" data-id=\"7edc321\" data-element_type=\"widget\" data-e-type=\"widget\" data-widget_type=\"image.default\">\n\t\t\t\t\t\t\t\t\t\t\t\t\t\t\t<img fetchpriority=\"high\" decoding=\"async\" width=\"800\" height=\"841\" src=\"https:\/\/enerlia-gc.fr\/wp-content\/uploads\/2026\/01\/Picto-1-1-974x1024.png\" class=\"attachment-large size-large wp-image-444\" alt=\"\" srcset=\"https:\/\/enerlia-gc.fr\/wp-content\/uploads\/2026\/01\/Picto-1-1-974x1024.png 974w, https:\/\/enerlia-gc.fr\/wp-content\/uploads\/2026\/01\/Picto-1-1-285x300.png 285w, https:\/\/enerlia-gc.fr\/wp-content\/uploads\/2026\/01\/Picto-1-1-768x807.png 768w, https:\/\/enerlia-gc.fr\/wp-content\/uploads\/2026\/01\/Picto-1-1-1462x1536.png 1462w, https:\/\/enerlia-gc.fr\/wp-content\/uploads\/2026\/01\/Picto-1-1-1949x2048.png 1949w\" sizes=\"(max-width: 800px) 100vw, 800px\" \/>\t\t\t\t\t\t\t\t\t\t\t\t\t\t\t<\/div>\n\t\t\t\t<div class=\"elementor-element elementor-element-15935f9 elementor-widget elementor-widget-heading\" data-id=\"15935f9\" data-element_type=\"widget\" data-e-type=\"widget\" data-widget_type=\"heading.default\">\n\t\t\t\t\t<h2 class=\"elementor-heading-title elementor-size-default\">Chauffage climatisation<\/h2>\t\t\t\t<\/div>\n\t\t\t\t<div class=\"elementor-element elementor-element-c507c41 elementor-widget elementor-widget-text-editor\" data-id=\"c507c41\" data-element_type=\"widget\" data-e-type=\"widget\" data-widget_type=\"text-editor.default\">\n\t\t\t\t\t\t\t\t\t<p>Solutions de chauffage et de climatisation performantes, adapt\u00e9es aux b\u00e2timents tertiaires, industriels et \u00e9tablissements de sant\u00e9, avec une ma\u00eetrise optimale des enjeux \u00e9nerg\u00e9tiques.<\/p>\t\t\t\t\t\t\t\t<\/div>\n\t\t\t\t<div class=\"elementor-element elementor-element-eaccf37 elementor-widget elementor-widget-heading\" data-id=\"eaccf37\" data-element_type=\"widget\" data-e-type=\"widget\" data-widget_type=\"heading.default\">\n\t\t\t\t\t<h2 class=\"elementor-heading-title elementor-size-default\"><a href=\"https:\/\/enerlia-gc.fr\/?page_id=269\">En savoir plus<\/a><\/h2>\t\t\t\t<\/div>\n\t\t\t\t<\/div>\n\t\t<div class=\"elementor-element elementor-element-a9e461c e-con-full e-flex e-con e-child\" data-id=\"a9e461c\" data-element_type=\"container\" data-e-type=\"container\" data-settings=\"{&quot;background_background&quot;:&quot;classic&quot;}\">\n\t\t\t\t<div class=\"elementor-element elementor-element-326e696 elementor-widget elementor-widget-image\" data-id=\"326e696\" data-element_type=\"widget\" data-e-type=\"widget\" data-widget_type=\"image.default\">\n\t\t\t\t\t\t\t\t\t\t\t\t\t\t\t<img fetchpriority=\"high\" decoding=\"async\" width=\"800\" height=\"841\" src=\"https:\/\/enerlia-gc.fr\/wp-content\/uploads\/2026\/01\/Picto-1-1-974x1024.png\" class=\"attachment-large size-large wp-image-444\" alt=\"\" srcset=\"https:\/\/enerlia-gc.fr\/wp-content\/uploads\/2026\/01\/Picto-1-1-974x1024.png 974w, https:\/\/enerlia-gc.fr\/wp-content\/uploads\/2026\/01\/Picto-1-1-285x300.png 285w, https:\/\/enerlia-gc.fr\/wp-content\/uploads\/2026\/01\/Picto-1-1-768x807.png 768w, https:\/\/enerlia-gc.fr\/wp-content\/uploads\/2026\/01\/Picto-1-1-1462x1536.png 1462w, https:\/\/enerlia-gc.fr\/wp-content\/uploads\/2026\/01\/Picto-1-1-1949x2048.png 1949w\" sizes=\"(max-width: 800px) 100vw, 800px\" \/>\t\t\t\t\t\t\t\t\t\t\t\t\t\t\t<\/div>\n\t\t\t\t<div class=\"elementor-element elementor-element-2acddb6 elementor-widget elementor-widget-heading\" data-id=\"2acddb6\" data-element_type=\"widget\" data-e-type=\"widget\" data-widget_type=\"heading.default\">\n\t\t\t\t\t<h2 class=\"elementor-heading-title elementor-size-default\">Ventilation<\/h2>\t\t\t\t<\/div>\n\t\t\t\t<div class=\"elementor-element elementor-element-262c6c7 elementor-widget elementor-widget-text-editor\" data-id=\"262c6c7\" data-element_type=\"widget\" data-e-type=\"widget\" data-widget_type=\"text-editor.default\">\n\t\t\t\t\t\t\t\t\t<p>Conception et installation de syst\u00e8mes de ventilation garantissant qualit\u00e9 de l\u2019air, s\u00e9curit\u00e9 et conformit\u00e9 r\u00e9glementaire pour les environnements sensibles et techniques.<\/p>\t\t\t\t\t\t\t\t<\/div>\n\t\t\t\t<div class=\"elementor-element elementor-element-b1e2e97 elementor-widget elementor-widget-heading\" data-id=\"b1e2e97\" data-element_type=\"widget\" data-e-type=\"widget\" data-widget_type=\"heading.default\">\n\t\t\t\t\t<h2 class=\"elementor-heading-title elementor-size-default\"><a href=\"https:\/\/enerlia-gc.fr\/?page_id=277\">En savoir plus<\/a><\/h2>\t\t\t\t<\/div>\n\t\t\t\t<\/div>\n\t\t<div class=\"elementor-element elementor-element-0b195d2 e-con-full e-flex e-con e-child\" data-id=\"0b195d2\" data-element_type=\"container\" data-e-type=\"container\" data-settings=\"{&quot;background_background&quot;:&quot;classic&quot;}\">\n\t\t\t\t<div class=\"elementor-element elementor-element-b84f221 elementor-widget elementor-widget-image\" data-id=\"b84f221\" data-element_type=\"widget\" data-e-type=\"widget\" data-widget_type=\"image.default\">\n\t\t\t\t\t\t\t\t\t\t\t\t\t\t\t<img fetchpriority=\"high\" decoding=\"async\" width=\"800\" height=\"841\" src=\"https:\/\/enerlia-gc.fr\/wp-content\/uploads\/2026\/01\/Picto-1-1-974x1024.png\" class=\"attachment-large size-large wp-image-444\" alt=\"\" srcset=\"https:\/\/enerlia-gc.fr\/wp-content\/uploads\/2026\/01\/Picto-1-1-974x1024.png 974w, https:\/\/enerlia-gc.fr\/wp-content\/uploads\/2026\/01\/Picto-1-1-285x300.png 285w, https:\/\/enerlia-gc.fr\/wp-content\/uploads\/2026\/01\/Picto-1-1-768x807.png 768w, https:\/\/enerlia-gc.fr\/wp-content\/uploads\/2026\/01\/Picto-1-1-1462x1536.png 1462w, https:\/\/enerlia-gc.fr\/wp-content\/uploads\/2026\/01\/Picto-1-1-1949x2048.png 1949w\" sizes=\"(max-width: 800px) 100vw, 800px\" \/>\t\t\t\t\t\t\t\t\t\t\t\t\t\t\t<\/div>\n\t\t\t\t<div class=\"elementor-element elementor-element-55c977c elementor-widget elementor-widget-heading\" data-id=\"55c977c\" data-element_type=\"widget\" data-e-type=\"widget\" data-widget_type=\"heading.default\">\n\t\t\t\t\t<h2 class=\"elementor-heading-title elementor-size-default\">Plomberie<\/h2>\t\t\t\t<\/div>\n\t\t\t\t<div class=\"elementor-element elementor-element-d5bcd07 elementor-widget elementor-widget-text-editor\" data-id=\"d5bcd07\" data-element_type=\"widget\" data-e-type=\"widget\" data-widget_type=\"text-editor.default\">\n\t\t\t\t\t\t\t\t\t<p>R\u00e9alisation de r\u00e9seaux de plomberie fiables et p\u00e9rennes, pens\u00e9s pour les usages intensifs des b\u00e2timents professionnels, avec une ma\u00eetrise des contraintes r\u00e9glementaires, de la s\u00e9curit\u00e9 sanitaire et de la conformit\u00e9 des installations.<\/p>\t\t\t\t\t\t\t\t<\/div>\n\t\t\t\t<div class=\"elementor-element elementor-element-03cb730 elementor-widget elementor-widget-heading\" data-id=\"03cb730\" data-element_type=\"widget\" data-e-type=\"widget\" data-widget_type=\"heading.default\">\n\t\t\t\t\t<h2 class=\"elementor-heading-title elementor-size-default\"><a href=\"https:\/\/enerlia-gc.fr\/?page_id=282\">En savoir plus<\/a><\/h2>\t\t\t\t<\/div>\n\t\t\t\t<\/div>\n\t\t\t\t\t<\/div>\n\t\t\t\t<\/div>\n\t\t<div class=\"elementor-element elementor-element-54abf00d e-flex e-con-boxed e-con e-parent\" data-id=\"54abf00d\" data-element_type=\"container\" data-e-type=\"container\">\n\t\t\t\t\t<div class=\"e-con-inner\">\n\t\t<div class=\"elementor-element elementor-element-75e53133 e-flex e-con-boxed e-con e-child\" data-id=\"75e53133\" data-element_type=\"container\" data-e-type=\"container\">\n\t\t\t\t\t<div class=\"e-con-inner\">\n\t\t<div class=\"elementor-element elementor-element-270e8aff e-con-full e-flex e-con e-child\" data-id=\"270e8aff\" data-element_type=\"container\" data-e-type=\"container\" data-settings=\"{&quot;background_background&quot;:&quot;classic&quot;}\">\n\t\t<div class=\"elementor-element elementor-element-737dcc97 e-flex e-con-boxed e-con e-child\" data-id=\"737dcc97\" data-element_type=\"container\" data-e-type=\"container\">\n\t\t\t\t\t<div class=\"e-con-inner\">\n\t\t\t\t<div class=\"elementor-element elementor-element-54fc432a elementor-widget elementor-widget-heading\" data-id=\"54fc432a\" data-element_type=\"widget\" data-e-type=\"widget\" data-widget_type=\"heading.default\">\n\t\t\t\t\t<h2 class=\"elementor-heading-title elementor-size-default\">FAQ<\/h2>\t\t\t\t<\/div>\n\t\t\t\t<div class=\"elementor-element elementor-element-3cc35539 elementor-widget elementor-widget-heading\" data-id=\"3cc35539\" data-element_type=\"widget\" data-e-type=\"widget\" data-widget_type=\"heading.default\">\n\t\t\t\t\t<h2 class=\"elementor-heading-title elementor-size-default\">Questions fr\u00e9quentes<\/h2>\t\t\t\t<\/div>\n\t\t\t\t\t<\/div>\n\t\t\t\t<\/div>\n\t\t\t\t<\/div>\n\t\t<div class=\"elementor-element elementor-element-4c374e1d e-flex e-con-boxed e-con e-child\" data-id=\"4c374e1d\" data-element_type=\"container\" data-e-type=\"container\">\n\t\t\t\t\t<div class=\"e-con-inner\">\n\t\t\t\t\t<\/div>\n\t\t\t\t<\/div>\n\t\t\t\t\t<\/div>\n\t\t\t\t<\/div>\n\t\t\t\t\t<\/div>\n\t\t\t\t<\/div>\n\t\t<div class=\"elementor-element elementor-element-7cb77a9 e-flex e-con-boxed e-con e-parent\" data-id=\"7cb77a9\" data-element_type=\"container\" data-e-type=\"container\" data-settings=\"{&quot;background_background&quot;:&quot;classic&quot;}\">\n\t\t\t\t\t<div class=\"e-con-inner\">\n\t\t<div class=\"elementor-element elementor-element-ec949d3 e-con-full e-flex e-con e-child\" data-id=\"ec949d3\" data-element_type=\"container\" data-e-type=\"container\">\n\t\t\t\t<div class=\"elementor-element elementor-element-758cf7c elementor-widget elementor-widget-heading\" data-id=\"758cf7c\" data-element_type=\"widget\" data-e-type=\"widget\" data-widget_type=\"heading.default\">\n\t\t\t\t\t<h2 class=\"elementor-heading-title elementor-size-default\">Vous avez un projet ? <br>Parlons-en.<\/h2>\t\t\t\t<\/div>\n\t\t\t\t<div class=\"elementor-element elementor-element-912d341 elementor-widget elementor-widget-text-editor\" data-id=\"912d341\" data-element_type=\"widget\" data-e-type=\"widget\" data-widget_type=\"text-editor.default\">\n\t\t\t\t\t\t\t\t\t<p>Un besoin sp\u00e9cifique, une demande technique ou un projet \u00e0 venir ? Laissez-nous vos coordonn\u00e9es : nous revenons vers vous sous 24 \u00e0 48 heures avec les premi\u00e8res r\u00e9ponses adapt\u00e9es.<\/p>\t\t\t\t\t\t\t\t<\/div>\n\t\t\t\t<\/div>\n\t\t<div class=\"elementor-element elementor-element-635b08d e-con-full e-flex e-con e-child\" data-id=\"635b08d\" data-element_type=\"container\" data-e-type=\"container\">\n\t\t\t\t<div class=\"elementor-element elementor-element-c7fd21f elementor-button-align-stretch elementor-widget elementor-widget-global elementor-global-660 elementor-widget-form\" data-id=\"c7fd21f\" data-element_type=\"widget\" data-e-type=\"widget\" data-settings=\"{&quot;step_next_label&quot;:&quot;Suivant&quot;,&quot;step_previous_label&quot;:&quot;Pr\\u00e9c\\u00e9dent&quot;,&quot;button_width&quot;:&quot;100&quot;,&quot;step_type&quot;:&quot;number_text&quot;,&quot;step_icon_shape&quot;:&quot;circle&quot;}\" data-widget_type=\"form.default\">\n\t\t\t\t\t\t\t<form class=\"elementor-form\" method=\"post\" name=\"New Form\" aria-label=\"New Form\">\n\t\t\t<input type=\"hidden\" name=\"post_id\" value=\"247\"\/>\n\t\t\t<input type=\"hidden\" name=\"form_id\" value=\"c7fd21f\"\/>\n\t\t\t<input type=\"hidden\" name=\"referer_title\" value=\"\" \/>\n\n\t\t\t\n\t\t\t<div class=\"elementor-form-fields-wrapper elementor-labels-above\">\n\t\t\t\t\t\t\t\t<div class=\"elementor-field-type-text elementor-field-group elementor-column elementor-field-group-name elementor-col-100\">\n\t\t\t\t\t\t\t\t\t\t\t\t<label for=\"form-field-name\" class=\"elementor-field-label\">\n\t\t\t\t\t\t\t\tNom :\t\t\t\t\t\t\t<\/label>\n\t\t\t\t\t\t\t\t\t\t\t\t\t\t<input size=\"1\" type=\"text\" name=\"form_fields[name]\" id=\"form-field-name\" class=\"elementor-field elementor-size-sm  elementor-field-textual\" placeholder=\"Nom\">\n\t\t\t\t\t\t\t\t\t\t\t<\/div>\n\t\t\t\t\t\t\t\t<div class=\"elementor-field-type-email elementor-field-group elementor-column elementor-field-group-email elementor-col-100 elementor-field-required\">\n\t\t\t\t\t\t\t\t\t\t\t\t<label for=\"form-field-email\" class=\"elementor-field-label\">\n\t\t\t\t\t\t\t\tEmail :\t\t\t\t\t\t\t<\/label>\n\t\t\t\t\t\t\t\t\t\t\t\t\t\t<input size=\"1\" type=\"email\" name=\"form_fields[email]\" id=\"form-field-email\" class=\"elementor-field elementor-size-sm  elementor-field-textual\" placeholder=\"Email\" required=\"required\">\n\t\t\t\t\t\t\t\t\t\t\t<\/div>\n\t\t\t\t\t\t\t\t<div class=\"elementor-field-type-textarea elementor-field-group elementor-column elementor-field-group-message elementor-col-100\">\n\t\t\t\t\t\t\t\t\t\t\t\t<label for=\"form-field-message\" class=\"elementor-field-label\">\n\t\t\t\t\t\t\t\tMessage :\t\t\t\t\t\t\t<\/label>\n\t\t\t\t\t\t<textarea class=\"elementor-field-textual elementor-field  elementor-size-sm\" name=\"form_fields[message]\" id=\"form-field-message\" rows=\"4\" placeholder=\"Message\"><\/textarea>\t\t\t\t<\/div>\n\t\t\t\t\t\t\t\t<div class=\"elementor-field-type-recaptcha_v3 elementor-field-group elementor-column elementor-field-group-field_dc76bc5 elementor-col-100 recaptcha_v3-bottomright\">\n\t\t\t\t\t<div class=\"elementor-field\" id=\"form-field-field_dc76bc5\"><div class=\"elementor-g-recaptcha\" data-sitekey=\"6Ldjrk8sAAAAAHfB-QaoMtZU88k7gUzvYbq-v8n5\" data-type=\"v3\" data-action=\"Form\" data-badge=\"bottomright\" data-size=\"invisible\"><\/div><\/div>\t\t\t\t<\/div>\n\t\t\t\t\t\t\t\t<div class=\"elementor-field-group elementor-column elementor-field-type-submit elementor-col-100 e-form__buttons\">\n\t\t\t\t\t<button class=\"elementor-button elementor-size-sm elementor-animation-shrink\" type=\"submit\">\n\t\t\t\t\t\t<span class=\"elementor-button-content-wrapper\">\n\t\t\t\t\t\t\t\t\t\t\t\t\t\t\t\t\t\t\t\t\t\t<span class=\"elementor-button-text\">Envoyer<\/span>\n\t\t\t\t\t\t\t\t\t\t\t\t\t<\/span>\n\t\t\t\t\t<\/button>\n\t\t\t\t<\/div>\n\t\t\t<\/div>\n\t\t<\/form>\n\t\t\t\t\t\t<\/div>\n\t\t\t\t<\/div>\n\t\t\t\t\t<\/div>\n\t\t\t\t<\/div>\n\t\t<div class=\"elementor-element elementor-element-43bef50 e-flex e-con-boxed e-con e-parent\" data-id=\"43bef50\" data-element_type=\"container\" data-e-type=\"container\">\n\t\t\t\t\t<div class=\"e-con-inner\">\n\t\t\t\t<div class=\"elementor-element elementor-element-9e3f2c5 elementor-widget elementor-widget-spacer\" data-id=\"9e3f2c5\" data-element_type=\"widget\" data-e-type=\"widget\" data-widget_type=\"spacer.default\">\n\t\t\t\t\t\t\t<div class=\"elementor-spacer\">\n\t\t\t<div class=\"elementor-spacer-inner\"><\/div>\n\t\t<\/div>\n\t\t\t\t\t\t<\/div>\n\t\t\t\t\t<\/div>\n\t\t\t\t<\/div>\n\t\t\t\t<\/div>\n\t\t","protected":false},"excerpt":{"rendered":"<p>NOS M\u00c9TIERS D\u00e9couvrez nos m\u00e9tiers Chauffage climatisation Solutions de chauffage et de climatisation performantes, adapt\u00e9es aux b\u00e2timents tertiaires, industriels et \u00e9tablissements de sant\u00e9, avec une ma\u00eetrise optimale des enjeux \u00e9nerg\u00e9tiques. En savoir plus Ventilation Conception et installation de syst\u00e8mes de ventilation garantissant qualit\u00e9 de l\u2019air, s\u00e9curit\u00e9 et conformit\u00e9 r\u00e9glementaire pour les environnements sensibles et techniques. [&hellip;]<\/p>\n","protected":false},"author":1,"featured_media":68,"parent":0,"menu_order":0,"comment_status":"closed","ping_status":"closed","template":"","meta":{"footnotes":""},"class_list":["post-247","page","type-page","status-publish","has-post-thumbnail","hentry"],"_hostinger_reach_plugin_has_subscription_block":false,"_hostinger_reach_plugin_is_elementor":false,"_links":{"self":[{"href":"https:\/\/enerlia-gc.fr\/index.php?rest_route=\/wp\/v2\/pages\/247","targetHints":{"allow":["GET"]}}],"collection":[{"href":"https:\/\/enerlia-gc.fr\/index.php?rest_route=\/wp\/v2\/pages"}],"about":[{"href":"https:\/\/enerlia-gc.fr\/index.php?rest_route=\/wp\/v2\/types\/page"}],"author":[{"embeddable":true,"href":"https:\/\/enerlia-gc.fr\/index.php?rest_route=\/wp\/v2\/users\/1"}],"replies":[{"embeddable":true,"href":"https:\/\/enerlia-gc.fr\/index.php?rest_route=%2Fwp%2Fv2%2Fcomments&post=247"}],"version-history":[{"count":79,"href":"https:\/\/enerlia-gc.fr\/index.php?rest_route=\/wp\/v2\/pages\/247\/revisions"}],"predecessor-version":[{"id":1002,"href":"https:\/\/enerlia-gc.fr\/index.php?rest_route=\/wp\/v2\/pages\/247\/revisions\/1002"}],"wp:featuredmedia":[{"embeddable":true,"href":"https:\/\/enerlia-gc.fr\/index.php?rest_route=\/wp\/v2\/media\/68"}],"wp:attachment":[{"href":"https:\/\/enerlia-gc.fr\/index.php?rest_route=%2Fwp%2Fv2%2Fmedia&parent=247"}],"curies":[{"name":"wp","href":"https:\/\/api.w.org\/{rel}","templated":true}]}}